{"id":820,"date":"2019-12-04T12:08:54","date_gmt":"2019-12-04T12:08:54","guid":{"rendered":"https:\/\/dashimmlische.de\/?page_id=820"},"modified":"2025-01-10T12:12:12","modified_gmt":"2025-01-10T12:12:12","slug":"einzel-malzeit","status":"publish","type":"page","link":"https:\/\/dashimmlische.de\/index.php\/einzel-malzeit\/","title":{"rendered":"Einzel-MalZeit"},"content":{"rendered":"\n<p class=\"has-text-align-center\"><strong>Einzel-MalZeit<\/strong><\/p>\n\n\n\n<p class=\"has-text-align-center\">In 2 intensiven Stunden stehst Du im Mittelpunkt und wir erarbeiten zusammen was immer Dein Wunsch ist.<br>Es ist alles da und alles mit im Preis enthalten!<\/p>\n\n\n\n<p class=\"has-text-align-center\">Du brauchst nur noch Dich selbst mitzubringen in entsprechender Kleidung. <br>Das hei\u00dft in Kleidung, die schmutzig werden darf und auch bleiben kann.<\/p>\n\n\n\n<p class=\"has-text-align-center\"><strong>Kosten f\u00fcr 2 Stunden Erwachsenen-Einzel-MalZeit 75,-\u20ac<\/strong><br><strong>Kosten f\u00fcr 2 Stunden Kinder-Einzel-MalZeit 65,-\u20ac<br>incl. Material und Getr\u00e4nken<br><\/strong>Termin auf individuelle Anfrage. Bitte sprich mich an und frag nach.<br>Bei den Uhrzeiten gehe ich gern auf Deine pers\u00f6nlichen W\u00fcnsche ein.<br><br><strong>Gutscheine gibt\u00b4s \u00fcbrigens auch bei mir.<\/strong><\/p>\n\n\n\n<p class=\"has-text-align-center\">M\u00f6chtest Du gerne 3-4 mal im Jahr meine \u201eAtelier-Post\u201c mit aktuellen Informationen zu Kursterminen und Ausstellungen erhalten, dann schick mir bitte eine Mail an<br><a href=\"mailto:heike.klar1@t-online.de\" title=\"mailto:heike.klar1@t-online.de\">heike.klar1@t-online.de<br><\/a>Ich freue mich auf Deine Nachricht!<\/p>\n\n\n\n<p class=\"has-text-align-center\"><strong>Gern&nbsp; kann ich auch f\u00fcr Malkurse&nbsp; in den eigenen R\u00e4umlichkeiten gebucht werden !<br>Die Exclusivit\u00e4t bleibt erhalten. Ich bringe alles mit!<\/strong><\/p>\n\n\n\n<p class=\"has-text-align-center\"><strong>Bei sch\u00f6nem Wetter malen wir selbstverst\u00e4ndlich drau\u00dfen!<\/strong><\/p>\n\n\n\n<p class=\"has-text-align-center\"><img loading=\"lazy\" width=\"100\" height=\"47\" class=\"wp-image-1062\" style=\"width: 100px;\" src=\"https:\/\/dashimmlische.de\/wp-content\/uploads\/DasHimmlische_klein-1.png\" alt=\"\"><\/p>\n","protected":false},"excerpt":{"rendered":"<p>Einzel-MalZeit In 2 intensiven Stunden stehst Du im Mittelpunkt und wir erarbeiten zusammen was immer Dein Wunsch ist.Es ist alles da und alles mit im Preis enthalten! Du brauchst nur noch Dich selbst mitzubringen in entsprechender Kleidung. Das hei\u00dft in Kleidung, die schmutzig werden darf und auch bleiben kann. Kosten f\u00fcr 2 Stunden Erwachsenen-Einzel-MalZeit 75,-\u20acKosten &hellip; <\/p>\n<p class=\"link-more\"><a href=\"https:\/\/dashimmlische.de\/index.php\/einzel-malzeit\/\" class=\"more-link\"><span class=\"screen-reader-text\">\u201eEinzel-MalZeit\u201c<\/span> weiterlesen<\/a><\/p>\n","protected":false},"author":2,"featured_media":0,"parent":0,"menu_order":0,"comment_status":"closed","ping_status":"closed","template":"","meta":[],"_links":{"self":[{"href":"https:\/\/dashimmlische.de\/index.php\/wp-json\/wp\/v2\/pages\/820"}],"collection":[{"href":"https:\/\/dashimmlische.de\/index.php\/wp-json\/wp\/v2\/pages"}],"about":[{"href":"https:\/\/dashimmlische.de\/index.php\/wp-json\/wp\/v2\/types\/page"}],"author":[{"embeddable":true,"href":"https:\/\/dashimmlische.de\/index.php\/wp-json\/wp\/v2\/users\/2"}],"replies":[{"embeddable":true,"href":"https:\/\/dashimmlische.de\/index.php\/wp-json\/wp\/v2\/comments?post=820"}],"version-history":[{"count":19,"href":"https:\/\/dashimmlische.de\/index.php\/wp-json\/wp\/v2\/pages\/820\/revisions"}],"predecessor-version":[{"id":1521,"href":"https:\/\/dashimmlische.de\/index.php\/wp-json\/wp\/v2\/pages\/820\/revisions\/1521"}],"wp:attachment":[{"href":"https:\/\/dashimmlische.de\/index.php\/wp-json\/wp\/v2\/media?parent=820"}],"curies":[{"name":"wp","href":"https:\/\/api.w.org\/{rel}","templated":true}]}}