{"id":411,"date":"2018-07-11T15:01:56","date_gmt":"2018-07-11T15:01:56","guid":{"rendered":"https:\/\/dashimmlische.de\/?page_id=411"},"modified":"2022-05-28T06:52:28","modified_gmt":"2022-05-28T06:52:28","slug":"entstehungsgeschichten","status":"publish","type":"page","link":"https:\/\/dashimmlische.de\/index.php\/entstehungsgeschichten\/","title":{"rendered":"Entstehungsgeschichten"},"content":{"rendered":"<p style=\"text-align: left;\">Inspirationen zu meinen Bildern finde ich in der Natur, in kleinen allt\u00e4glichen Dingen, in Erlebtem und mehr&#8230; Manchmal wandeln sich auch Liedtexte oder Worte aus Gespr\u00e4chen mit liebevollen Mitmenschen in meine eigene Bildsprache.<\/p>\n<p style=\"text-align: left;\">Meine ersten Schritte auf der Leinwand sind immer intuitiv und ich lasse mich von meinen Motiven finden, da ich keine Vorstellung von dem fertigen Bild habe.<br \/>\nIch beginne zart lasierend und darauf aufbauend&#8230;<br \/>\nOder ich setze massiv viel flie\u00dfende Farbe ein&#8230;<br \/>\nOder es verz\u00fcckt mich der spielerische Umgang mit kreativen Hilfsmitteln&#8230;<br \/>\nFrei nach meinem Lebensmotto:<br \/>\n<strong>&#8220; Es gibt kein richtig und kein falsch, nur ein immer wieder anders.&#8220;<\/strong><\/p>\n<p style=\"text-align: left;\">Und ganz gleich wie auch immer ich beginne:<br \/>\nStets gehe ich mit Geduld und Durchhalteverm\u00f6gen ans Werk.<\/p>\n<p style=\"text-align: left;\">Wie auch wir Menschen befinden sich meine Bilder zwischendurch in unterschiedlichen Phasen. Besonders \u00fcberrascht bin ich von der pubert\u00e4ren Entwicklung, in der das Bild ganz eigen ist, alles in Frage stellt, sich neu finden muss und ziemlich durcheinander wirkt. Das bedeutet f\u00fcr mich, Ruhe zu bewahren, bei mir zu bleiben. Dann beginne ich Farbfl\u00e4chen zu beruhigen, Verbindungen zu schaffen und den Blick f\u00fcr das gro\u00dfe Ganze im Auge zu behalten.<\/p>\n<p style=\"text-align: left;\">Und immer wieder sch\u00f6pfe ich Kraft aus meiner Beobachtungsgabe, meiner Fantasie, meiner Feinf\u00fchligkeit und meinem Einfallsreichtum, manchmal auch aus meinem Improvisationsgeschick.<\/p>\n<p>Beim Ausarbeiten der Motive freue ich mich ganz besonders \u00fcber die kleinen Wunder im Verborgenem, die es f\u00fcr den Betrachter auf meinen Bildern zu entdecken gibt.<\/p>\n<p style=\"text-align: left;\">In meinen farbenfrohen Werken gebe ich die Lebensfreude und die Liebe, die ich bei der Entstehung gef\u00fchlt habe, an meinen Betrachter weiter.<\/p>\n<p><img loading=\"lazy\" class=\"alignnone size-full wp-image-1182 aligncenter\" src=\"https:\/\/dashimmlische.de\/wp-content\/uploads\/Heike-an-Staffelei-klein-scaled.jpg\" alt=\"\" width=\"2560\" height=\"1920\" srcset=\"https:\/\/dashimmlische.de\/wp-content\/uploads\/Heike-an-Staffelei-klein-scaled.jpg 2560w, https:\/\/dashimmlische.de\/wp-content\/uploads\/Heike-an-Staffelei-klein-300x225.jpg 300w, https:\/\/dashimmlische.de\/wp-content\/uploads\/Heike-an-Staffelei-klein-1024x768.jpg 1024w, https:\/\/dashimmlische.de\/wp-content\/uploads\/Heike-an-Staffelei-klein-768x576.jpg 768w, https:\/\/dashimmlische.de\/wp-content\/uploads\/Heike-an-Staffelei-klein-1536x1152.jpg 1536w, https:\/\/dashimmlische.de\/wp-content\/uploads\/Heike-an-Staffelei-klein-2048x1536.jpg 2048w\" sizes=\"(max-width: 706px) 89vw, (max-width: 767px) 82vw, 740px\" \/><\/p>\n<p style=\"text-align: center;\"><b>Meine Bilder bewegen &#8230;<br \/>\n&#8230; denn jedes erz\u00e4hlt seine eigene Geschichte!<\/b><\/p>\n<p style=\"text-align: center;\"><img loading=\"lazy\" class=\"alignnone size-full wp-image-1062\" src=\"https:\/\/dashimmlische.de\/wp-content\/uploads\/DasHimmlische_klein-1.png\" alt=\"\" width=\"100\" height=\"47\" \/><\/p>\n","protected":false},"excerpt":{"rendered":"<p>Inspirationen zu meinen Bildern finde ich in der Natur, in kleinen allt\u00e4glichen Dingen, in Erlebtem und mehr&#8230; Manchmal wandeln sich auch Liedtexte oder Worte aus Gespr\u00e4chen mit liebevollen Mitmenschen in meine eigene Bildsprache. Meine ersten Schritte auf der Leinwand sind immer intuitiv und ich lasse mich von meinen Motiven finden, da ich keine Vorstellung von &hellip; <\/p>\n<p class=\"link-more\"><a href=\"https:\/\/dashimmlische.de\/index.php\/entstehungsgeschichten\/\" class=\"more-link\"><span class=\"screen-reader-text\">\u201eEntstehungsgeschichten\u201c<\/span> weiterlesen<\/a><\/p>\n","protected":false},"author":2,"featured_media":0,"parent":0,"menu_order":0,"comment_status":"closed","ping_status":"closed","template":"","meta":[],"_links":{"self":[{"href":"https:\/\/dashimmlische.de\/index.php\/wp-json\/wp\/v2\/pages\/411"}],"collection":[{"href":"https:\/\/dashimmlische.de\/index.php\/wp-json\/wp\/v2\/pages"}],"about":[{"href":"https:\/\/dashimmlische.de\/index.php\/wp-json\/wp\/v2\/types\/page"}],"author":[{"embeddable":true,"href":"https:\/\/dashimmlische.de\/index.php\/wp-json\/wp\/v2\/users\/2"}],"replies":[{"embeddable":true,"href":"https:\/\/dashimmlische.de\/index.php\/wp-json\/wp\/v2\/comments?post=411"}],"version-history":[{"count":37,"href":"https:\/\/dashimmlische.de\/index.php\/wp-json\/wp\/v2\/pages\/411\/revisions"}],"predecessor-version":[{"id":1365,"href":"https:\/\/dashimmlische.de\/index.php\/wp-json\/wp\/v2\/pages\/411\/revisions\/1365"}],"wp:attachment":[{"href":"https:\/\/dashimmlische.de\/index.php\/wp-json\/wp\/v2\/media?parent=411"}],"curies":[{"name":"wp","href":"https:\/\/api.w.org\/{rel}","templated":true}]}}

<p style="text-align: left;">Inspirationen zu meinen Bildern finde ich in der Natur, in kleinen alltäglichen Dingen, in Erlebtem und mehr&#8230; Manchmal wandeln sich auch Liedtexte oder Worte aus Gesprächen mit liebevollen Mitmenschen in meine eigene Bildsprache.</p>
<p style="text-align: left;">Meine ersten Schritte auf der Leinwand sind immer intuitiv und ich lasse mich von meinen Motiven finden, da ich keine Vorstellung von dem fertigen Bild habe.<br />
Ich beginne zart lasierend und darauf aufbauend&#8230;<br />
Oder ich setze massiv viel fließende Farbe ein&#8230;<br />
Oder es verzückt mich der spielerische Umgang mit kreativen Hilfsmitteln&#8230;<br />
Frei nach meinem Lebensmotto:<br />
<strong>&#8220; Es gibt kein richtig und kein falsch, nur ein immer wieder anders.&#8220;</strong></p>
<p style="text-align: left;">Und ganz gleich wie auch immer ich beginne:<br />
Stets gehe ich mit Geduld und Durchhaltevermögen ans Werk.</p>
<p style="text-align: left;">Wie auch wir Menschen befinden sich meine Bilder zwischendurch in unterschiedlichen Phasen. Besonders überrascht bin ich von der pubertären Entwicklung, in der das Bild ganz eigen ist, alles in Frage stellt, sich neu finden muss und ziemlich durcheinander wirkt. Das bedeutet für mich, Ruhe zu bewahren, bei mir zu bleiben. Dann beginne ich Farbflächen zu beruhigen, Verbindungen zu schaffen und den Blick für das große Ganze im Auge zu behalten.</p>
<p style="text-align: left;">Und immer wieder schöpfe ich Kraft aus meiner Beobachtungsgabe, meiner Fantasie, meiner Feinfühligkeit und meinem Einfallsreichtum, manchmal auch aus meinem Improvisationsgeschick.</p>
<p>Beim Ausarbeiten der Motive freue ich mich ganz besonders über die kleinen Wunder im Verborgenem, die es für den Betrachter auf meinen Bildern zu entdecken gibt.</p>
<p style="text-align: left;">In meinen farbenfrohen Werken gebe ich die Lebensfreude und die Liebe, die ich bei der Entstehung gefühlt habe, an meinen Betrachter weiter.</p>
<p><img loading="lazy" class="alignnone size-full wp-image-1182 aligncenter" src="https://dashimmlische.de/wp-content/uploads/Heike-an-Staffelei-klein-scaled.jpg" alt="" width="2560" height="1920" srcset="https://dashimmlische.de/wp-content/uploads/Heike-an-Staffelei-klein-scaled.jpg 2560w, https://dashimmlische.de/wp-content/uploads/Heike-an-Staffelei-klein-300x225.jpg 300w, https://dashimmlische.de/wp-content/uploads/Heike-an-Staffelei-klein-1024x768.jpg 1024w, https://dashimmlische.de/wp-content/uploads/Heike-an-Staffelei-klein-768x576.jpg 768w, https://dashimmlische.de/wp-content/uploads/Heike-an-Staffelei-klein-1536x1152.jpg 1536w, https://dashimmlische.de/wp-content/uploads/Heike-an-Staffelei-klein-2048x1536.jpg 2048w" sizes="(max-width: 706px) 89vw, (max-width: 767px) 82vw, 740px" /></p>
<p style="text-align: center;"><b>Meine Bilder bewegen &#8230;<br />
&#8230; denn jedes erzählt seine eigene Geschichte!</b></p>
<p style="text-align: center;"><img loading="lazy" class="alignnone size-full wp-image-1062" src="https://dashimmlische.de/wp-content/uploads/DasHimmlische_klein-1.png" alt="" width="100" height="47" /></p>

<p>Inspirationen zu meinen Bildern finde ich in der Natur, in kleinen alltäglichen Dingen, in Erlebtem und mehr&#8230; Manchmal wandeln sich auch Liedtexte oder Worte aus Gesprächen mit liebevollen Mitmenschen in meine eigene Bildsprache. Meine ersten Schritte auf der Leinwand sind immer intuitiv und ich lasse mich von meinen Motiven finden, da ich keine Vorstellung von &hellip; </p>
<p class="link-more"><a href="https://dashimmlische.de/index.php/entstehungsgeschichten/" class="more-link"><span class="screen-reader-text">„Entstehungsgeschichten“</span> weiterlesen</a></p>
